{"id":3996,"date":"2025-07-11T10:17:50","date_gmt":"2025-07-11T08:17:50","guid":{"rendered":"https:\/\/edizionisuigeneris.it\/prodotto\/porto-palazzo\/"},"modified":"2026-02-18T15:25:31","modified_gmt":"2026-02-18T14:25:31","slug":"porto-palazzo","status":"publish","type":"product","link":"https:\/\/edizionisuigeneris.it\/en\/product\/porto-palazzo\/","title":{"rendered":"Porto Palazzo"},"content":{"rendered":"<p>Nel chiassoso quartiere di Porta Palazzo, grande mercato di Torino, e lungo le vie acciottolate del Balon, si snodano le vite di rifugiati, migranti, viaggiatori. A prescindere dalla cultura di appartenenza e dall\u2019et\u00e0, all\u2019interno del nucleo familiare, tutti i personaggi si confrontano con aspettative molto alte. Diventare o rimanere fedeli a se stessi, quindi sentirsi liberi di agire, \u00e8 un percorso difficile e ci vuole coraggio per assecondare e realizzare i propri desideri. Due polarit\u00e0 attraversano le storie: l\u2019acqua che simboleggia il desiderio di viaggiare e tagliare i legami; e la terra che \u00e8 la necessit\u00e0 di radicamento e di stabilit\u00e0 emotiva. Ogni personaggio sente il bisogno di rompere gli schemi all\u2019interno del proprio mondo ricollegandosi a una di queste due polarit\u00e0, mentre prova ad aderire al sentimento pi\u00f9 intimo e autentico che ha dentro di s\u00e9.<\/p>","protected":false},"excerpt":{"rendered":"<p>Dieci racconti su Porto Palazzo, il quartiere pi\u00f9 multiculturale di Torino. Ogni racconto porta con s\u00e9 la bellezza di una cultura diversa, il conflitto di una lontananza e una conquista personale.<\/p>","protected":false},"featured_media":4712,"template":"","meta":{"_acf_changed":false},"product_brand":[],"product_cat":[281,282,15],"product_tag":[325,324],"collana":[235],"genere_letterario":[318],"class_list":{"0":"post-3996","1":"product","2":"type-product","3":"status-publish","4":"has-post-thumbnail","6":"product_cat-libri","7":"product_cat-narrativa-ita","8":"product_cat-senza-categoria","9":"product_tag-migrazione","10":"product_tag-racconti","11":"collana-pierre-dumayet","12":"genere_letterario-racconti","14":"first","15":"instock","16":"taxable","17":"shipping-taxable","18":"purchasable","19":"product-type-simple"},"acf":[],"yoast_head":"<!-- This site is optimized with the Yoast SEO plugin v27.5 - https:\/\/yoast.com\/product\/yoast-seo-wordpress\/ -->\n<title>Porto Palazzo - SuiGeneris Edizioni<\/title>\n<meta name=\"description\" content=\"Tra le strade di Porta Palazzo e del Balon a Torino si intrecciano le vite di migranti e rifugiati, sospese tra il desiderio di libert\u00e0 e il bisogno di radici. Un racconto profondo di identit\u00e0, coraggio e scelte intime.\" \/>\n<meta name=\"robots\" content=\"index, follow, max-snippet:-1, max-image-preview:large, max-video-preview:-1\" \/>\n<link rel=\"canonical\" href=\"https:\/\/edizionisuigeneris.it\/en\/product\/porto-palazzo\/\" \/>\n<meta property=\"og:locale\" content=\"en_US\" \/>\n<meta property=\"og:type\" content=\"article\" \/>\n<meta property=\"og:title\" content=\"Porto Palazzo - SuiGeneris Edizioni\" \/>\n<meta property=\"og:description\" content=\"Tra le strade di Porta Palazzo e del Balon a Torino si intrecciano le vite di migranti e rifugiati, sospese tra il desiderio di libert\u00e0 e il bisogno di radici. Un racconto profondo di identit\u00e0, coraggio e scelte intime.\" \/>\n<meta property=\"og:url\" content=\"https:\/\/edizionisuigeneris.it\/en\/product\/porto-palazzo\/\" \/>\n<meta property=\"og:site_name\" content=\"SuiGeneris Edizioni\" \/>\n<meta property=\"article:publisher\" content=\"https:\/\/www.facebook.com\/SuiGeneriseditore\" \/>\n<meta property=\"article:modified_time\" content=\"2026-02-18T14:25:31+00:00\" \/>\n<meta property=\"og:image\" content=\"https:\/\/edizionisuigeneris.it\/wp-content\/uploads\/2025\/07\/cop-porto-palazzo-varesio.png\" \/>\n\t<meta property=\"og:image:width\" content=\"800\" \/>\n\t<meta property=\"og:image:height\" content=\"1200\" \/>\n\t<meta property=\"og:image:type\" content=\"image\/png\" \/>\n<meta name=\"twitter:card\" content=\"summary_large_image\" \/>\n<meta name=\"twitter:label1\" content=\"Est. reading time\" \/>\n\t<meta name=\"twitter:data1\" content=\"1 minute\" \/>\n<script type=\"application\/ld+json\" class=\"yoast-schema-graph\">{\"@context\":\"https:\\\/\\\/schema.org\",\"@graph\":[{\"@type\":\"WebPage\",\"@id\":\"https:\\\/\\\/edizionisuigeneris.it\\\/prodotto\\\/porto-palazzo\\\/\",\"url\":\"https:\\\/\\\/edizionisuigeneris.it\\\/prodotto\\\/porto-palazzo\\\/\",\"name\":\"Porto Palazzo - SuiGeneris Edizioni\",\"isPartOf\":{\"@id\":\"https:\\\/\\\/edizionisuigeneris.it\\\/#website\"},\"primaryImageOfPage\":{\"@id\":\"https:\\\/\\\/edizionisuigeneris.it\\\/prodotto\\\/porto-palazzo\\\/#primaryimage\"},\"image\":{\"@id\":\"https:\\\/\\\/edizionisuigeneris.it\\\/prodotto\\\/porto-palazzo\\\/#primaryimage\"},\"thumbnailUrl\":\"https:\\\/\\\/edizionisuigeneris.it\\\/wp-content\\\/uploads\\\/2025\\\/07\\\/cop-porto-palazzo-varesio.png\",\"datePublished\":\"2025-07-11T08:17:50+00:00\",\"dateModified\":\"2026-02-18T14:25:31+00:00\",\"description\":\"Tra le strade di Porta Palazzo e del Balon a Torino si intrecciano le vite di migranti e rifugiati, sospese tra il desiderio di libert\u00e0 e il bisogno di radici. Un racconto profondo di identit\u00e0, coraggio e scelte intime.\",\"breadcrumb\":{\"@id\":\"https:\\\/\\\/edizionisuigeneris.it\\\/prodotto\\\/porto-palazzo\\\/#breadcrumb\"},\"inLanguage\":\"en-US\",\"potentialAction\":[{\"@type\":\"ReadAction\",\"target\":[\"https:\\\/\\\/edizionisuigeneris.it\\\/prodotto\\\/porto-palazzo\\\/\"]}]},{\"@type\":\"ImageObject\",\"inLanguage\":\"en-US\",\"@id\":\"https:\\\/\\\/edizionisuigeneris.it\\\/prodotto\\\/porto-palazzo\\\/#primaryimage\",\"url\":\"https:\\\/\\\/edizionisuigeneris.it\\\/wp-content\\\/uploads\\\/2025\\\/07\\\/cop-porto-palazzo-varesio.png\",\"contentUrl\":\"https:\\\/\\\/edizionisuigeneris.it\\\/wp-content\\\/uploads\\\/2025\\\/07\\\/cop-porto-palazzo-varesio.png\",\"width\":800,\"height\":1200},{\"@type\":\"BreadcrumbList\",\"@id\":\"https:\\\/\\\/edizionisuigeneris.it\\\/prodotto\\\/porto-palazzo\\\/#breadcrumb\",\"itemListElement\":[{\"@type\":\"ListItem\",\"position\":1,\"name\":\"HOME\",\"item\":\"https:\\\/\\\/edizionisuigeneris.it\\\/\"},{\"@type\":\"ListItem\",\"position\":2,\"name\":\"Catalogo\",\"item\":\"https:\\\/\\\/edizionisuigeneris.it\\\/catalogo\\\/\"},{\"@type\":\"ListItem\",\"position\":3,\"name\":\"Porto Palazzo\"}]},{\"@type\":\"WebSite\",\"@id\":\"https:\\\/\\\/edizionisuigeneris.it\\\/#website\",\"url\":\"https:\\\/\\\/edizionisuigeneris.it\\\/\",\"name\":\"SuiGeneris\",\"description\":\"Casa editrice indipendente di Torino\",\"publisher\":{\"@id\":\"https:\\\/\\\/edizionisuigeneris.it\\\/#organization\"},\"potentialAction\":[{\"@type\":\"SearchAction\",\"target\":{\"@type\":\"EntryPoint\",\"urlTemplate\":\"https:\\\/\\\/edizionisuigeneris.it\\\/?s={search_term_string}\"},\"query-input\":{\"@type\":\"PropertyValueSpecification\",\"valueRequired\":true,\"valueName\":\"search_term_string\"}}],\"inLanguage\":\"en-US\"},{\"@type\":\"Organization\",\"@id\":\"https:\\\/\\\/edizionisuigeneris.it\\\/#organization\",\"name\":\"SuiGeneris\",\"url\":\"https:\\\/\\\/edizionisuigeneris.it\\\/\",\"logo\":{\"@type\":\"ImageObject\",\"inLanguage\":\"en-US\",\"@id\":\"https:\\\/\\\/edizionisuigeneris.it\\\/#\\\/schema\\\/logo\\\/image\\\/\",\"url\":\"\",\"contentUrl\":\"\",\"caption\":\"SuiGeneris\"},\"image\":{\"@id\":\"https:\\\/\\\/edizionisuigeneris.it\\\/#\\\/schema\\\/logo\\\/image\\\/\"},\"sameAs\":[\"https:\\\/\\\/www.facebook.com\\\/SuiGeneriseditore\",\"https:\\\/\\\/www.instagram.com\\\/suigenerislibri\\\/\"]}]}<\/script>\n<!-- \/ Yoast SEO plugin. -->","yoast_head_json":{"title":"Porto Palazzo - SuiGeneris Edizioni","description":"Tra le strade di Porta Palazzo e del Balon a Torino si intrecciano le vite di migranti e rifugiati, sospese tra il desiderio di libert\u00e0 e il bisogno di radici. Un racconto profondo di identit\u00e0, coraggio e scelte intime.","robots":{"index":"index","follow":"follow","max-snippet":"max-snippet:-1","max-image-preview":"max-image-preview:large","max-video-preview":"max-video-preview:-1"},"canonical":"https:\/\/edizionisuigeneris.it\/en\/product\/porto-palazzo\/","og_locale":"en_US","og_type":"article","og_title":"Porto Palazzo - SuiGeneris Edizioni","og_description":"Tra le strade di Porta Palazzo e del Balon a Torino si intrecciano le vite di migranti e rifugiati, sospese tra il desiderio di libert\u00e0 e il bisogno di radici. Un racconto profondo di identit\u00e0, coraggio e scelte intime.","og_url":"https:\/\/edizionisuigeneris.it\/en\/product\/porto-palazzo\/","og_site_name":"SuiGeneris Edizioni","article_publisher":"https:\/\/www.facebook.com\/SuiGeneriseditore","article_modified_time":"2026-02-18T14:25:31+00:00","og_image":[{"width":800,"height":1200,"url":"https:\/\/edizionisuigeneris.it\/wp-content\/uploads\/2025\/07\/cop-porto-palazzo-varesio.png","type":"image\/png"}],"twitter_card":"summary_large_image","twitter_misc":{"Est. reading time":"1 minute"},"schema":{"@context":"https:\/\/schema.org","@graph":[{"@type":"WebPage","@id":"https:\/\/edizionisuigeneris.it\/prodotto\/porto-palazzo\/","url":"https:\/\/edizionisuigeneris.it\/prodotto\/porto-palazzo\/","name":"Porto Palazzo - SuiGeneris Edizioni","isPartOf":{"@id":"https:\/\/edizionisuigeneris.it\/#website"},"primaryImageOfPage":{"@id":"https:\/\/edizionisuigeneris.it\/prodotto\/porto-palazzo\/#primaryimage"},"image":{"@id":"https:\/\/edizionisuigeneris.it\/prodotto\/porto-palazzo\/#primaryimage"},"thumbnailUrl":"https:\/\/edizionisuigeneris.it\/wp-content\/uploads\/2025\/07\/cop-porto-palazzo-varesio.png","datePublished":"2025-07-11T08:17:50+00:00","dateModified":"2026-02-18T14:25:31+00:00","description":"Tra le strade di Porta Palazzo e del Balon a Torino si intrecciano le vite di migranti e rifugiati, sospese tra il desiderio di libert\u00e0 e il bisogno di radici. Un racconto profondo di identit\u00e0, coraggio e scelte intime.","breadcrumb":{"@id":"https:\/\/edizionisuigeneris.it\/prodotto\/porto-palazzo\/#breadcrumb"},"inLanguage":"en-US","potentialAction":[{"@type":"ReadAction","target":["https:\/\/edizionisuigeneris.it\/prodotto\/porto-palazzo\/"]}]},{"@type":"ImageObject","inLanguage":"en-US","@id":"https:\/\/edizionisuigeneris.it\/prodotto\/porto-palazzo\/#primaryimage","url":"https:\/\/edizionisuigeneris.it\/wp-content\/uploads\/2025\/07\/cop-porto-palazzo-varesio.png","contentUrl":"https:\/\/edizionisuigeneris.it\/wp-content\/uploads\/2025\/07\/cop-porto-palazzo-varesio.png","width":800,"height":1200},{"@type":"BreadcrumbList","@id":"https:\/\/edizionisuigeneris.it\/prodotto\/porto-palazzo\/#breadcrumb","itemListElement":[{"@type":"ListItem","position":1,"name":"HOME","item":"https:\/\/edizionisuigeneris.it\/"},{"@type":"ListItem","position":2,"name":"Catalogo","item":"https:\/\/edizionisuigeneris.it\/catalogo\/"},{"@type":"ListItem","position":3,"name":"Porto Palazzo"}]},{"@type":"WebSite","@id":"https:\/\/edizionisuigeneris.it\/#website","url":"https:\/\/edizionisuigeneris.it\/","name":"SuiGeneris","description":"Casa editrice indipendente di Torino","publisher":{"@id":"https:\/\/edizionisuigeneris.it\/#organization"},"potentialAction":[{"@type":"SearchAction","target":{"@type":"EntryPoint","urlTemplate":"https:\/\/edizionisuigeneris.it\/?s={search_term_string}"},"query-input":{"@type":"PropertyValueSpecification","valueRequired":true,"valueName":"search_term_string"}}],"inLanguage":"en-US"},{"@type":"Organization","@id":"https:\/\/edizionisuigeneris.it\/#organization","name":"SuiGeneris","url":"https:\/\/edizionisuigeneris.it\/","logo":{"@type":"ImageObject","inLanguage":"en-US","@id":"https:\/\/edizionisuigeneris.it\/#\/schema\/logo\/image\/","url":"","contentUrl":"","caption":"SuiGeneris"},"image":{"@id":"https:\/\/edizionisuigeneris.it\/#\/schema\/logo\/image\/"},"sameAs":["https:\/\/www.facebook.com\/SuiGeneriseditore","https:\/\/www.instagram.com\/suigenerislibri\/"]}]}},"_links":{"self":[{"href":"https:\/\/edizionisuigeneris.it\/en\/wp-json\/wp\/v2\/product\/3996","targetHints":{"allow":["GET"]}}],"collection":[{"href":"https:\/\/edizionisuigeneris.it\/en\/wp-json\/wp\/v2\/product"}],"about":[{"href":"https:\/\/edizionisuigeneris.it\/en\/wp-json\/wp\/v2\/types\/product"}],"version-history":[{"count":0,"href":"https:\/\/edizionisuigeneris.it\/en\/wp-json\/wp\/v2\/product\/3996\/revisions"}],"wp:featuredmedia":[{"embeddable":true,"href":"https:\/\/edizionisuigeneris.it\/en\/wp-json\/wp\/v2\/media\/4712"}],"wp:attachment":[{"href":"https:\/\/edizionisuigeneris.it\/en\/wp-json\/wp\/v2\/media?parent=3996"}],"wp:term":[{"taxonomy":"product_brand","embeddable":true,"href":"https:\/\/edizionisuigeneris.it\/en\/wp-json\/wp\/v2\/product_brand?post=3996"},{"taxonomy":"product_cat","embeddable":true,"href":"https:\/\/edizionisuigeneris.it\/en\/wp-json\/wp\/v2\/product_cat?post=3996"},{"taxonomy":"product_tag","embeddable":true,"href":"https:\/\/edizionisuigeneris.it\/en\/wp-json\/wp\/v2\/product_tag?post=3996"},{"taxonomy":"collana","embeddable":true,"href":"https:\/\/edizionisuigeneris.it\/en\/wp-json\/wp\/v2\/collana?post=3996"},{"taxonomy":"genere_letterario","embeddable":true,"href":"https:\/\/edizionisuigeneris.it\/en\/wp-json\/wp\/v2\/genere_letterario?post=3996"}],"curies":[{"name":"wp","href":"https:\/\/api.w.org\/{rel}","templated":true}]}}

<p>Nel chiassoso quartiere di Porta Palazzo, grande mercato di Torino, e lungo le vie acciottolate del Balon, si snodano le vite di rifugiati, migranti, viaggiatori. A prescindere dalla cultura di appartenenza e dall’età, all’interno del nucleo familiare, tutti i personaggi si confrontano con aspettative molto alte. Diventare o rimanere fedeli a se stessi, quindi sentirsi liberi di agire, è un percorso difficile e ci vuole coraggio per assecondare e realizzare i propri desideri. Due polarità attraversano le storie: l’acqua che simboleggia il desiderio di viaggiare e tagliare i legami; e la terra che è la necessità di radicamento e di stabilità emotiva. Ogni personaggio sente il bisogno di rompere gli schemi all’interno del proprio mondo ricollegandosi a una di queste due polarità, mentre prova ad aderire al sentimento più intimo e autentico che ha dentro di sé.</p>

<p>Dieci racconti su Porto Palazzo, il quartiere più multiculturale di Torino. Ogni racconto porta con sé la bellezza di una cultura diversa, il conflitto di una lontananza e una conquista personale.</p>

<!-- This site is optimized with the Yoast SEO plugin v27.5 - https://yoast.com/product/yoast-seo-wordpress/ -->
<title>Porto Palazzo - SuiGeneris Edizioni</title>
<meta name="description" content="Tra le strade di Porta Palazzo e del Balon a Torino si intrecciano le vite di migranti e rifugiati, sospese tra il desiderio di libertà e il bisogno di radici. Un racconto profondo di identità, coraggio e scelte intime." />
<meta name="robots" content="index, follow, max-snippet:-1, max-image-preview:large, max-video-preview:-1" />
<link rel="canonical" href="https://edizionisuigeneris.it/en/product/porto-palazzo/" />
<meta property="og:locale" content="en_US" />
<meta property="og:type" content="article" />
<meta property="og:title" content="Porto Palazzo - SuiGeneris Edizioni" />
<meta property="og:description" content="Tra le strade di Porta Palazzo e del Balon a Torino si intrecciano le vite di migranti e rifugiati, sospese tra il desiderio di libertà e il bisogno di radici. Un racconto profondo di identità, coraggio e scelte intime." />
<meta property="og:url" content="https://edizionisuigeneris.it/en/product/porto-palazzo/" />
<meta property="og:site_name" content="SuiGeneris Edizioni" />
<meta property="article:publisher" content="https://www.facebook.com/SuiGeneriseditore" />
<meta property="article:modified_time" content="2026-02-18T14:25:31+00:00" />
<meta property="og:image" content="https://edizionisuigeneris.it/wp-content/uploads/2025/07/cop-porto-palazzo-varesio.png" />
	<meta property="og:image:width" content="800" />
	<meta property="og:image:height" content="1200" />
	<meta property="og:image:type" content="image/png" />
<meta name="twitter:card" content="summary_large_image" />
<meta name="twitter:label1" content="Est. reading time" />
	<meta name="twitter:data1" content="1 minute" />
<script type="application/ld+json" class="yoast-schema-graph">{"@context":"https:\/\/schema.org","@graph":[{"@type":"WebPage","@id":"https:\/\/edizionisuigeneris.it\/prodotto\/porto-palazzo\/","url":"https:\/\/edizionisuigeneris.it\/prodotto\/porto-palazzo\/","name":"Porto Palazzo - SuiGeneris Edizioni","isPartOf":{"@id":"https:\/\/edizionisuigeneris.it\/#website"},"primaryImageOfPage":{"@id":"https:\/\/edizionisuigeneris.it\/prodotto\/porto-palazzo\/#primaryimage"},"image":{"@id":"https:\/\/edizionisuigeneris.it\/prodotto\/porto-palazzo\/#primaryimage"},"thumbnailUrl":"https:\/\/edizionisuigeneris.it\/wp-content\/uploads\/2025\/07\/cop-porto-palazzo-varesio.png","datePublished":"2025-07-11T08:17:50+00:00","dateModified":"2026-02-18T14:25:31+00:00","description":"Tra le strade di Porta Palazzo e del Balon a Torino si intrecciano le vite di migranti e rifugiati, sospese tra il desiderio di libertà e il bisogno di radici. Un racconto profondo di identità, coraggio e scelte intime.","breadcrumb":{"@id":"https:\/\/edizionisuigeneris.it\/prodotto\/porto-palazzo\/#breadcrumb"},"inLanguage":"en-US","potentialAction":[{"@type":"ReadAction","target":["https:\/\/edizionisuigeneris.it\/prodotto\/porto-palazzo\/"]}]},{"@type":"ImageObject","inLanguage":"en-US","@id":"https:\/\/edizionisuigeneris.it\/prodotto\/porto-palazzo\/#primaryimage","url":"https:\/\/edizionisuigeneris.it\/wp-content\/uploads\/2025\/07\/cop-porto-palazzo-varesio.png","contentUrl":"https:\/\/edizionisuigeneris.it\/wp-content\/uploads\/2025\/07\/cop-porto-palazzo-varesio.png","width":800,"height":1200},{"@type":"BreadcrumbList","@id":"https:\/\/edizionisuigeneris.it\/prodotto\/porto-palazzo\/#breadcrumb","itemListElement":[{"@type":"ListItem","position":1,"name":"HOME","item":"https:\/\/edizionisuigeneris.it\/"},{"@type":"ListItem","position":2,"name":"Catalogo","item":"https:\/\/edizionisuigeneris.it\/catalogo\/"},{"@type":"ListItem","position":3,"name":"Porto Palazzo"}]},{"@type":"WebSite","@id":"https:\/\/edizionisuigeneris.it\/#website","url":"https:\/\/edizionisuigeneris.it\/","name":"SuiGeneris","description":"Casa editrice indipendente di Torino","publisher":{"@id":"https:\/\/edizionisuigeneris.it\/#organization"},"potentialAction":[{"@type":"SearchAction","target":{"@type":"EntryPoint","urlTemplate":"https:\/\/edizionisuigeneris.it\/?s={search_term_string}"},"query-input":{"@type":"PropertyValueSpecification","valueRequired":true,"valueName":"search_term_string"}}],"inLanguage":"en-US"},{"@type":"Organization","@id":"https:\/\/edizionisuigeneris.it\/#organization","name":"SuiGeneris","url":"https:\/\/edizionisuigeneris.it\/","logo":{"@type":"ImageObject","inLanguage":"en-US","@id":"https:\/\/edizionisuigeneris.it\/#\/schema\/logo\/image\/","url":"","contentUrl":"","caption":"SuiGeneris"},"image":{"@id":"https:\/\/edizionisuigeneris.it\/#\/schema\/logo\/image\/"},"sameAs":["https:\/\/www.facebook.com\/SuiGeneriseditore","https:\/\/www.instagram.com\/suigenerislibri\/"]}]}</script>
<!-- / Yoast SEO plugin. -->

Tra le strade di Porta Palazzo e del Balon a Torino si intrecciano le vite di migranti e rifugiati, sospese tra il desiderio di libertà e il bisogno di radici. Un racconto profondo di identità, coraggio e scelte intime.
