{"id":4016,"date":"2025-07-11T10:17:58","date_gmt":"2025-07-11T08:17:58","guid":{"rendered":"https:\/\/edizionisuigeneris.it\/prodotto\/diario-di-una-molecola-psicoattiva\/"},"modified":"2026-03-25T14:59:21","modified_gmt":"2026-03-25T13:59:21","slug":"diario-di-una-molecola-psicoattiva","status":"publish","type":"product","link":"https:\/\/edizionisuigeneris.it\/en\/product\/diario-di-una-molecola-psicoattiva\/","title":{"rendered":"Diario di una molecola psicoattiva"},"content":{"rendered":"<p>\u00abIo sono un composto di atomi senza emozioni e mi nutro delle vostre. Mi piace studiarvi, capirvi, mi affascinate. Siete uomini e donne che combattono con le emozioni, ma non potete vivere senza di esse. Ricorrete a me quando vi sentite vuoti, ma a volte provate sensazioni cos\u00ec forti che dovete usarmi per fermarle e farle tacere. Buffo, vero? Vi racconter\u00f2 come vi vedo dal vetro di una boccetta, come il passeggero Iggy dai treni di Berlino. Sar\u00e0 un viaggio fra le strade lastricate e i sentieri polverosi che si snodano dentro di voi; vedr\u00f2 le vostre giornate di sole e gli uragani che vi scuotono e insieme incontreremo gente, ai margini della via\u00bb.<\/p>\n<p>Raccolta di racconti sulle emozioni, accompagnata dal punto di vista di una molecola dalla boccetta che osserva chi descrive. L&#8217;autrice ha scelto per ogni racconto una canzone da ascoltare che corrisponde all&#8217;umore del protagonista o della protagonista.<\/p>","protected":false},"excerpt":{"rendered":"<p>Una raccolta di racconti sulle emozioni umane, narrati attraverso lo sguardo originale di una molecola che osserva le persone da una boccetta. Ogni storia \u00e8 accompagnata da una canzone che ne riflette l\u2019umore, creando un viaggio sensoriale tra anime fragili, desideri, silenzi e tempeste interiori.<\/p>","protected":false},"featured_media":4733,"template":"","meta":{"_acf_changed":false},"product_brand":[],"product_cat":[281,282,15],"product_tag":[],"collana":[235],"genere_letterario":[],"class_list":{"0":"post-4016","1":"product","2":"type-product","3":"status-publish","4":"has-post-thumbnail","6":"product_cat-libri","7":"product_cat-narrativa-ita","8":"product_cat-senza-categoria","9":"collana-pierre-dumayet","11":"first","12":"instock","13":"taxable","14":"shipping-taxable","15":"purchasable","16":"product-type-simple"},"acf":[],"yoast_head":"<!-- This site is optimized with the Yoast SEO plugin v27.5 - https:\/\/yoast.com\/product\/yoast-seo-wordpress\/ -->\n<title>Diario di una molecola psicoattiva - SuiGeneris Edizioni<\/title>\n<meta name=\"description\" content=\"Una molecola osserva l\u2019animo umano dal vetro di una boccetta. Racconti sulle emozioni, tra musica, vite ai margini e paesaggi interiori.\" \/>\n<meta name=\"robots\" content=\"index, follow, max-snippet:-1, max-image-preview:large, max-video-preview:-1\" \/>\n<link rel=\"canonical\" href=\"https:\/\/edizionisuigeneris.it\/en\/product\/diario-di-una-molecola-psicoattiva\/\" \/>\n<meta property=\"og:locale\" content=\"en_US\" \/>\n<meta property=\"og:type\" content=\"article\" \/>\n<meta property=\"og:title\" content=\"Diario di una molecola psicoattiva - SuiGeneris Edizioni\" \/>\n<meta property=\"og:description\" content=\"Una molecola osserva l\u2019animo umano dal vetro di una boccetta. Racconti sulle emozioni, tra musica, vite ai margini e paesaggi interiori.\" \/>\n<meta property=\"og:url\" content=\"https:\/\/edizionisuigeneris.it\/en\/product\/diario-di-una-molecola-psicoattiva\/\" \/>\n<meta property=\"og:site_name\" content=\"SuiGeneris Edizioni\" \/>\n<meta property=\"article:publisher\" content=\"https:\/\/www.facebook.com\/SuiGeneriseditore\" \/>\n<meta property=\"article:modified_time\" content=\"2026-03-25T13:59:21+00:00\" \/>\n<meta property=\"og:image\" content=\"https:\/\/edizionisuigeneris.it\/wp-content\/uploads\/2025\/07\/cop-diario-molecola-nori.png\" \/>\n\t<meta property=\"og:image:width\" content=\"800\" \/>\n\t<meta property=\"og:image:height\" content=\"1200\" \/>\n\t<meta property=\"og:image:type\" content=\"image\/png\" \/>\n<meta name=\"twitter:card\" content=\"summary_large_image\" \/>\n<meta name=\"twitter:label1\" content=\"Est. reading time\" \/>\n\t<meta name=\"twitter:data1\" content=\"2 minutes\" \/>\n<script type=\"application\/ld+json\" class=\"yoast-schema-graph\">{\"@context\":\"https:\\\/\\\/schema.org\",\"@graph\":[{\"@type\":\"WebPage\",\"@id\":\"https:\\\/\\\/edizionisuigeneris.it\\\/prodotto\\\/diario-di-una-molecola-psicoattiva\\\/\",\"url\":\"https:\\\/\\\/edizionisuigeneris.it\\\/prodotto\\\/diario-di-una-molecola-psicoattiva\\\/\",\"name\":\"Diario di una molecola psicoattiva - SuiGeneris Edizioni\",\"isPartOf\":{\"@id\":\"https:\\\/\\\/edizionisuigeneris.it\\\/#website\"},\"primaryImageOfPage\":{\"@id\":\"https:\\\/\\\/edizionisuigeneris.it\\\/prodotto\\\/diario-di-una-molecola-psicoattiva\\\/#primaryimage\"},\"image\":{\"@id\":\"https:\\\/\\\/edizionisuigeneris.it\\\/prodotto\\\/diario-di-una-molecola-psicoattiva\\\/#primaryimage\"},\"thumbnailUrl\":\"https:\\\/\\\/edizionisuigeneris.it\\\/wp-content\\\/uploads\\\/2025\\\/07\\\/cop-diario-molecola-nori.png\",\"datePublished\":\"2025-07-11T08:17:58+00:00\",\"dateModified\":\"2026-03-25T13:59:21+00:00\",\"description\":\"Una molecola osserva l\u2019animo umano dal vetro di una boccetta. Racconti sulle emozioni, tra musica, vite ai margini e paesaggi interiori.\",\"breadcrumb\":{\"@id\":\"https:\\\/\\\/edizionisuigeneris.it\\\/prodotto\\\/diario-di-una-molecola-psicoattiva\\\/#breadcrumb\"},\"inLanguage\":\"en-US\",\"potentialAction\":[{\"@type\":\"ReadAction\",\"target\":[\"https:\\\/\\\/edizionisuigeneris.it\\\/prodotto\\\/diario-di-una-molecola-psicoattiva\\\/\"]}]},{\"@type\":\"ImageObject\",\"inLanguage\":\"en-US\",\"@id\":\"https:\\\/\\\/edizionisuigeneris.it\\\/prodotto\\\/diario-di-una-molecola-psicoattiva\\\/#primaryimage\",\"url\":\"https:\\\/\\\/edizionisuigeneris.it\\\/wp-content\\\/uploads\\\/2025\\\/07\\\/cop-diario-molecola-nori.png\",\"contentUrl\":\"https:\\\/\\\/edizionisuigeneris.it\\\/wp-content\\\/uploads\\\/2025\\\/07\\\/cop-diario-molecola-nori.png\",\"width\":800,\"height\":1200},{\"@type\":\"BreadcrumbList\",\"@id\":\"https:\\\/\\\/edizionisuigeneris.it\\\/prodotto\\\/diario-di-una-molecola-psicoattiva\\\/#breadcrumb\",\"itemListElement\":[{\"@type\":\"ListItem\",\"position\":1,\"name\":\"HOME\",\"item\":\"https:\\\/\\\/edizionisuigeneris.it\\\/\"},{\"@type\":\"ListItem\",\"position\":2,\"name\":\"Catalogo\",\"item\":\"https:\\\/\\\/edizionisuigeneris.it\\\/catalogo\\\/\"},{\"@type\":\"ListItem\",\"position\":3,\"name\":\"Diario di una molecola psicoattiva\"}]},{\"@type\":\"WebSite\",\"@id\":\"https:\\\/\\\/edizionisuigeneris.it\\\/#website\",\"url\":\"https:\\\/\\\/edizionisuigeneris.it\\\/\",\"name\":\"SuiGeneris\",\"description\":\"Casa editrice indipendente di Torino\",\"publisher\":{\"@id\":\"https:\\\/\\\/edizionisuigeneris.it\\\/#organization\"},\"potentialAction\":[{\"@type\":\"SearchAction\",\"target\":{\"@type\":\"EntryPoint\",\"urlTemplate\":\"https:\\\/\\\/edizionisuigeneris.it\\\/?s={search_term_string}\"},\"query-input\":{\"@type\":\"PropertyValueSpecification\",\"valueRequired\":true,\"valueName\":\"search_term_string\"}}],\"inLanguage\":\"en-US\"},{\"@type\":\"Organization\",\"@id\":\"https:\\\/\\\/edizionisuigeneris.it\\\/#organization\",\"name\":\"SuiGeneris\",\"url\":\"https:\\\/\\\/edizionisuigeneris.it\\\/\",\"logo\":{\"@type\":\"ImageObject\",\"inLanguage\":\"en-US\",\"@id\":\"https:\\\/\\\/edizionisuigeneris.it\\\/#\\\/schema\\\/logo\\\/image\\\/\",\"url\":\"\",\"contentUrl\":\"\",\"caption\":\"SuiGeneris\"},\"image\":{\"@id\":\"https:\\\/\\\/edizionisuigeneris.it\\\/#\\\/schema\\\/logo\\\/image\\\/\"},\"sameAs\":[\"https:\\\/\\\/www.facebook.com\\\/SuiGeneriseditore\",\"https:\\\/\\\/www.instagram.com\\\/suigenerislibri\\\/\"]}]}<\/script>\n<!-- \/ Yoast SEO plugin. -->","yoast_head_json":{"title":"Diario di una molecola psicoattiva - SuiGeneris Edizioni","description":"Una molecola osserva l\u2019animo umano dal vetro di una boccetta. Racconti sulle emozioni, tra musica, vite ai margini e paesaggi interiori.","robots":{"index":"index","follow":"follow","max-snippet":"max-snippet:-1","max-image-preview":"max-image-preview:large","max-video-preview":"max-video-preview:-1"},"canonical":"https:\/\/edizionisuigeneris.it\/en\/product\/diario-di-una-molecola-psicoattiva\/","og_locale":"en_US","og_type":"article","og_title":"Diario di una molecola psicoattiva - SuiGeneris Edizioni","og_description":"Una molecola osserva l\u2019animo umano dal vetro di una boccetta. Racconti sulle emozioni, tra musica, vite ai margini e paesaggi interiori.","og_url":"https:\/\/edizionisuigeneris.it\/en\/product\/diario-di-una-molecola-psicoattiva\/","og_site_name":"SuiGeneris Edizioni","article_publisher":"https:\/\/www.facebook.com\/SuiGeneriseditore","article_modified_time":"2026-03-25T13:59:21+00:00","og_image":[{"width":800,"height":1200,"url":"https:\/\/edizionisuigeneris.it\/wp-content\/uploads\/2025\/07\/cop-diario-molecola-nori.png","type":"image\/png"}],"twitter_card":"summary_large_image","twitter_misc":{"Est. reading time":"2 minutes"},"schema":{"@context":"https:\/\/schema.org","@graph":[{"@type":"WebPage","@id":"https:\/\/edizionisuigeneris.it\/prodotto\/diario-di-una-molecola-psicoattiva\/","url":"https:\/\/edizionisuigeneris.it\/prodotto\/diario-di-una-molecola-psicoattiva\/","name":"Diario di una molecola psicoattiva - SuiGeneris Edizioni","isPartOf":{"@id":"https:\/\/edizionisuigeneris.it\/#website"},"primaryImageOfPage":{"@id":"https:\/\/edizionisuigeneris.it\/prodotto\/diario-di-una-molecola-psicoattiva\/#primaryimage"},"image":{"@id":"https:\/\/edizionisuigeneris.it\/prodotto\/diario-di-una-molecola-psicoattiva\/#primaryimage"},"thumbnailUrl":"https:\/\/edizionisuigeneris.it\/wp-content\/uploads\/2025\/07\/cop-diario-molecola-nori.png","datePublished":"2025-07-11T08:17:58+00:00","dateModified":"2026-03-25T13:59:21+00:00","description":"Una molecola osserva l\u2019animo umano dal vetro di una boccetta. Racconti sulle emozioni, tra musica, vite ai margini e paesaggi interiori.","breadcrumb":{"@id":"https:\/\/edizionisuigeneris.it\/prodotto\/diario-di-una-molecola-psicoattiva\/#breadcrumb"},"inLanguage":"en-US","potentialAction":[{"@type":"ReadAction","target":["https:\/\/edizionisuigeneris.it\/prodotto\/diario-di-una-molecola-psicoattiva\/"]}]},{"@type":"ImageObject","inLanguage":"en-US","@id":"https:\/\/edizionisuigeneris.it\/prodotto\/diario-di-una-molecola-psicoattiva\/#primaryimage","url":"https:\/\/edizionisuigeneris.it\/wp-content\/uploads\/2025\/07\/cop-diario-molecola-nori.png","contentUrl":"https:\/\/edizionisuigeneris.it\/wp-content\/uploads\/2025\/07\/cop-diario-molecola-nori.png","width":800,"height":1200},{"@type":"BreadcrumbList","@id":"https:\/\/edizionisuigeneris.it\/prodotto\/diario-di-una-molecola-psicoattiva\/#breadcrumb","itemListElement":[{"@type":"ListItem","position":1,"name":"HOME","item":"https:\/\/edizionisuigeneris.it\/"},{"@type":"ListItem","position":2,"name":"Catalogo","item":"https:\/\/edizionisuigeneris.it\/catalogo\/"},{"@type":"ListItem","position":3,"name":"Diario di una molecola psicoattiva"}]},{"@type":"WebSite","@id":"https:\/\/edizionisuigeneris.it\/#website","url":"https:\/\/edizionisuigeneris.it\/","name":"SuiGeneris","description":"Casa editrice indipendente di Torino","publisher":{"@id":"https:\/\/edizionisuigeneris.it\/#organization"},"potentialAction":[{"@type":"SearchAction","target":{"@type":"EntryPoint","urlTemplate":"https:\/\/edizionisuigeneris.it\/?s={search_term_string}"},"query-input":{"@type":"PropertyValueSpecification","valueRequired":true,"valueName":"search_term_string"}}],"inLanguage":"en-US"},{"@type":"Organization","@id":"https:\/\/edizionisuigeneris.it\/#organization","name":"SuiGeneris","url":"https:\/\/edizionisuigeneris.it\/","logo":{"@type":"ImageObject","inLanguage":"en-US","@id":"https:\/\/edizionisuigeneris.it\/#\/schema\/logo\/image\/","url":"","contentUrl":"","caption":"SuiGeneris"},"image":{"@id":"https:\/\/edizionisuigeneris.it\/#\/schema\/logo\/image\/"},"sameAs":["https:\/\/www.facebook.com\/SuiGeneriseditore","https:\/\/www.instagram.com\/suigenerislibri\/"]}]}},"_links":{"self":[{"href":"https:\/\/edizionisuigeneris.it\/en\/wp-json\/wp\/v2\/product\/4016","targetHints":{"allow":["GET"]}}],"collection":[{"href":"https:\/\/edizionisuigeneris.it\/en\/wp-json\/wp\/v2\/product"}],"about":[{"href":"https:\/\/edizionisuigeneris.it\/en\/wp-json\/wp\/v2\/types\/product"}],"version-history":[{"count":0,"href":"https:\/\/edizionisuigeneris.it\/en\/wp-json\/wp\/v2\/product\/4016\/revisions"}],"wp:featuredmedia":[{"embeddable":true,"href":"https:\/\/edizionisuigeneris.it\/en\/wp-json\/wp\/v2\/media\/4733"}],"wp:attachment":[{"href":"https:\/\/edizionisuigeneris.it\/en\/wp-json\/wp\/v2\/media?parent=4016"}],"wp:term":[{"taxonomy":"product_brand","embeddable":true,"href":"https:\/\/edizionisuigeneris.it\/en\/wp-json\/wp\/v2\/product_brand?post=4016"},{"taxonomy":"product_cat","embeddable":true,"href":"https:\/\/edizionisuigeneris.it\/en\/wp-json\/wp\/v2\/product_cat?post=4016"},{"taxonomy":"product_tag","embeddable":true,"href":"https:\/\/edizionisuigeneris.it\/en\/wp-json\/wp\/v2\/product_tag?post=4016"},{"taxonomy":"collana","embeddable":true,"href":"https:\/\/edizionisuigeneris.it\/en\/wp-json\/wp\/v2\/collana?post=4016"},{"taxonomy":"genere_letterario","embeddable":true,"href":"https:\/\/edizionisuigeneris.it\/en\/wp-json\/wp\/v2\/genere_letterario?post=4016"}],"curies":[{"name":"wp","href":"https:\/\/api.w.org\/{rel}","templated":true}]}}

<p>«Io sono un composto di atomi senza emozioni e mi nutro delle vostre. Mi piace studiarvi, capirvi, mi affascinate. Siete uomini e donne che combattono con le emozioni, ma non potete vivere senza di esse. Ricorrete a me quando vi sentite vuoti, ma a volte provate sensazioni così forti che dovete usarmi per fermarle e farle tacere. Buffo, vero? Vi racconterò come vi vedo dal vetro di una boccetta, come il passeggero Iggy dai treni di Berlino. Sarà un viaggio fra le strade lastricate e i sentieri polverosi che si snodano dentro di voi; vedrò le vostre giornate di sole e gli uragani che vi scuotono e insieme incontreremo gente, ai margini della via».</p>
<p>Raccolta di racconti sulle emozioni, accompagnata dal punto di vista di una molecola dalla boccetta che osserva chi descrive. L&#8217;autrice ha scelto per ogni racconto una canzone da ascoltare che corrisponde all&#8217;umore del protagonista o della protagonista.</p>

<p>Una raccolta di racconti sulle emozioni umane, narrati attraverso lo sguardo originale di una molecola che osserva le persone da una boccetta. Ogni storia è accompagnata da una canzone che ne riflette l’umore, creando un viaggio sensoriale tra anime fragili, desideri, silenzi e tempeste interiori.</p>
